nd 32759.
17
Calculate the greatest common divisor of 520099 and 23.
23
Calculate the greatest common factor of 31095 and 180.
45
What is the greatest common divisor of 3819 and 162810?
201
What is the greatest common factor of 193470 and 30?
30
What is the highest common factor of 483 and 42252?
21
What is the highest common factor of 482494 and 28934?
782
Calculate the highest common divisor of 61155 and 10125.
405
What is the greatest common divisor of 48 and 8960?
16
What is the highest common divisor of 5805 and 28251?
387
Calculate the highest common factor of 483 and 1848.
21
Calculate the highest common divisor of 42 and 113253.
21
Calculate the highest common factor of 23 and 157067.
23
What is the greatest common divisor of 1222 and 3822?
26
Calculate the greatest common factor of 88 and 252472.
88
What is the greatest common factor of 68005 and 63?
7
What is the greatest common divisor of 2210 and 83720?
130
What is the highest common factor of 10894944 and 192?
96
What is the greatest common factor of 196 and 41062?
98
Calculate the highest common divisor of 22012 and 172.
4
What is the greatest common divisor of 815 and 335?
5
Calculate the greatest common factor of 203 and 4361861.
203
Calculate the highest common factor of 944 and 55578.
118
What is the greatest common divisor of 3898 and 46?
2
What is the greatest common factor of 108 and 1830?
6
What is the greatest common factor of 25 and 6633525?
25
Calculate the highest common factor of 285234 and 2740.
274
Calculate the highest common divisor of 69410 and 60.
10
What is the highest common factor of 920968 and 494?
38
Calculate the greatest common factor of 20601 and 1512.
189
What is the highest common divisor of 631200 and 21600?
2400
What is the greatest common factor of 18 and 6992262?
18
Calculate the greatest common factor of 10644 and 1884.
12
What is the highest common factor of 214887 and 3237?
249
Calculate the highest common factor of 811695 and 2385.
795
Calculate the greatest common factor of 33480 and 1590.
30
Calculate the greatest common divisor of 903973 and 4361.
623
What is the greatest common divisor of 206486 and 126?
14
Calculate the greatest common divisor of 297 and 1254429.
99
What is the greatest common factor of 19062 and 81?
27
Calculate the greatest common factor of 397150 and 100.
50
Calculate the greatest common factor of 150 and 21465.
15
What is the greatest common factor of 46985 and 35?
5
What is the greatest common factor of 1260 and 9324?
252
What is the greatest common factor of 529 and 7570519?
529
Calculate the greatest common divisor of 6210 and 3772.
46
Calculate the greatest common divisor of 1071 and 11237.
17
What is the greatest common divisor of 396 and 175824?
396
Calculate the greatest common factor of 4979 and 57067.
383
What is the greatest common divisor of 1242648 and 504?
72
Calculate the highest common divisor of 90882 and 6930.
198
Calculate the greatest common divisor of 27504 and 4.
4
Calculate the greatest common divisor of 7078414 and 7.
7
Calculate the highest common factor of 119253 and 6096.
381
What is the highest common divisor of 1750 and 695450?
350
Calculate the greatest common divisor of 2355 and 2985.
15
Calculate the greatest common divisor of 18910 and 5978.
122
Calculate the greatest common factor of 1295 and 78440.
185
Calculate the highest common divisor of 612 and 611928.
36
What is the greatest common divisor of 68312 and 8?
8
Calculate the highest common factor of 5280 and 3050.
10
What is the greatest common divisor of 10 and 516120?
10
Calculate the greatest common divisor of 1701 and 4788.
63
Calculate the highest common divisor of 7344 and 68952.
408
Calculate the greatest common divisor of 304096 and 1428.
68
Calculate the highest common divisor of 51025 and 1099.
157
What is the highest common factor of 58443 and 1386?
231
Calculate the greatest common factor of 774 and 3420.
18
What is the greatest common factor of 2728 and 13992?
88
What is the highest common factor of 114825 and 75?
75
Calculate the greatest common factor of 180 and 6561.
9
What is the greatest common divisor of 569082 and 18?
6
Calculate the highest common divisor of 150496 and 32.
32
What is the highest common divisor of 643072 and 2816?
256
What is the highest common factor of 269176 and 16?
8
Calculate the greatest common factor of 306 and 9972.
18
Calculate the highest common factor of 2771 and 10106.
163
Calculate the greatest common factor of 535 and 4387.
107
Calculate the greatest common divisor of 735 and 20370.
105
Calculate the greatest common divisor of 59046 and 468.
78
Calculate the highest common divisor of 8899 and 29933.
809
What is the greatest common divisor of 44 and 11400?
4
What is the greatest common divisor of 3032 and 256?
8
Calculate the greatest common factor of 51 and 35241.
51
Calculate the greatest common factor of 4686 and 2739.
33
What is the highest common factor of 426428 and 204?
68
What is the greatest common divisor of 30 and 50805?
15
Calculate the highest common divisor of 704 and 2355936.
352
Calculate the greatest common divisor of 20493 and 12834.
207
Calculate the greatest common divisor of 343 and 72079.
49
What is the highest common factor of 84 and 3759?
21
What is the greatest common factor of 14320 and 260?
20
Calculate the highest common factor of 56 and 9292612.
28
What is the highest common factor of 32 and 78160?
16
What is the greatest common divisor of 589 and 6913?
31
What is the greatest common factor of 348 and 2186890?
58
What is the highest common divisor of 632 and 83977?
79
What is the highest common factor of 113 and 50737?
113
Calculate the greatest common factor of 24 and 3048.
24
Calculate the highest common divisor of 132 and 7620.
12
What is the greatest common divisor of 279611 and 23?
23
What is the greatest common divisor of 529 and 1327261?
529
Calculate the greatest common divisor of 4 and 89381.
1
Calculate the highest common factor of 209 and 495.
11
What is the greatest common factor of 21222 and 186?
6
What is the greatest common divisor of 5263 and 4598?
19
What is the highest common divisor of 110289 and 388?
97
Calculate the greatest common divisor of 49 and 660520.
49
What is the highest common divisor of 23 and 75187?
23
Calculate the greatest common factor of 532 and 553.
7
What is the greatest common divisor of 1341595 and 7530?
1255
Calculate the greatest common divisor of 55720 and 4720.
40
Calculate the greatest common factor of 1198472 and 440.
88
Calculate the greatest common factor of 29680 and 17420.
20
Calculate the greatest common divisor of 232484 and 1219.
23
What is the highest common factor of 6308 and 86154?
166
What is the greatest common factor of 114174 and 72?
18
Calculate the highest common factor of 150 and 20880.
30
Calculate the greatest common divisor of 147662 and 5074.
86
What is the highest common divisor of 3016 and 312?
104
Calculate the highest common divisor of 235 and 4559.
47
What is the highest common divisor of 54 and 870777?
27
What is the highest common divisor of 10370 and 680?
170
Calculate the highest common divisor of 3404 and 999.
37
What is the highest common divisor of 422 and 889154?
422
Calculate the highest common divisor of 110113 and 232.
29
What is the highest common factor of 540 and 137880?
180
Calculate the highest common divisor of 352672 and 3638.
214
What is the greatest common factor of 1287 and 32461?
143
Calculate the greatest common divisor of 1058 and 2579933.
529
What is the highest common factor of 10360 and 13500?
20
What is the greatest common divisor of 65 and 541385?
65
What is the highest common divisor of 4058 and 1982333?
2029
Calculate the greatest common divisor of 77 and 5456.
11
What is the greatest common factor of 56719 and 13?
13
What is the highest common divisor of 5184 and 240732?
324
What is the greatest common factor of 11095 and 28?
7
What is the greatest common factor of 81 and 37773?
27
What is the highest common factor of 659140 and 100?
20
Calculate the greatest common divisor of 9381 and 11766.
159
What is the greatest common divisor of 1079377 and 2054?
1027
Calculate the highest common divisor of 195 and 11271.
39
Calculate the greatest common div